 o = -3*c. What is the remainder when c is divided by 10?
7
Suppose m + 4 - 9 = 0. Suppose 5*f - 4 - 4 = -2*z, 0 = f + m*z - 20. Let o(u) = u**3 - 2*u**2 + u + 19. What is the remainder when 36 is divided by o(f)?
17
Suppose 9*g + 2*v = 10*g, -5*v + 22 = 3*g. Suppose -g*o - 2 = -f - 0, -3*f = 4*o - 6. What is the remainder when 27 is divided by f?
1
Suppose 26*r - 27*r + 3 = 0. Calculate the remainder when 1 - (-7 + r) - -182 is divided by 38.
35
Calculate the remainder when 893736/432 - (-2)/12 is divided by 25.
19
Let r be (11 - (-119)/(-14))*8/5. What is the remainder when 3 - (-227 + r/4) is divided by 7?
5
Suppose -18*m + 5*m + 247 = 0. Suppose -u - 40 = -4*i, 13 = 3*i - 2*u - 17. Suppose 77 = i*h + h. What is the remainder when m is divided by h?
5
Let j(b) = b**2 - 10*b + 9. Let u be j(9). Suppose u = -5*z - z + 1086. Calculate the remainder when 1/(-3 - z/(-60)) is divided by 32.
28
Let j = -285 - -86. Let n = -190 - j. Calculate the remainder when n is divided by 8.
1
Calculate the remainder when 405 is divided by 0/(6 - -12) - (-1)/1*25.
5
Calculate the remainder when (-256)/((52/39)/(26/(-3))) is divided by 98.
96
Let b(t) = -2767*t + 60968. Calculate the remainder when b(22) is divided by 1*(0 + -1)*-26.
16
Let l = 7 + 83. Let r = -83 + l. Suppose -y + 4*m = -13, -6*m = 5*y - 2*m + r. What is the remainder when 3 is divided by y?
0
Let o be ((-180)/8 - 3)*(-2)/3. Let z = 19 - o. Let f(q) = 14*q - 6. What is the remainder when 105 is divided by f(z)?
17
Let p(y) = -2*y**2 + 31*y - 28. Let w be p(10). Suppose 0 = f - 114 + w. Suppose 0 = -5*g + 2*g + 567. What is the remainder when g is divided by f?
29
Suppose -j - 268 = -4*y, -452*y = -455*y + j + 201. Calculate the remainder when 367 is divided by y.
32
Let d be 447 - 5/15*-3. Let c = d - 433. Calculate the remainder when c is divided by 2.
1
Let m = 886 + -796. Calculate the remainder when 248 is divided by m.
68
Suppose -3*i + 63 = -45. Let g = -311 - -380. Suppose 4*z - 83 = -4*d - 15, 5*d - g = -z. What is the remainder when i is divided by d?
10
Suppose -665*s + 704*s = 24687. What is the remainder when 1910 is divided by s?
11
Suppose 10*r - 73 = -193. Let i = -11 + 16. What is the remainder when (-30)/r*12/5 is divided by i?
1
Suppose 0 = -0*o + 3*o - 6, 2*v - 2*o = -50. Let r = 37 - v. Calculate the remainder when r is divided by 14.
4
Let f(c) = -c**3 + 8*c**2 - 6*c - 7. Let l(s) = 99*s**2 - 133*s - 7. What is the remainder when l(-1) is divided by f(5)?
35
Let x(l) = -23*l + 1763. Calculate the remainder when x(66) is divided by 8.
5
Let o = -3776 + 3849. Calculate the remainder when 156 is divided by o.
10
Suppose -3*i + 4*i = 3*t - 9, -i - 4*t = -19. What is the remainder when 234/195*(-10)/(-44) - (-2176)/88 is divided by i?
1
Calculate the remainder when 22 is divided by (1272/160)/(3/8) + (-8)/(-10).
0
Let v = 86 + 275. Suppose v = 14*r - 283. What is the remainder when r is divided by 25?
21
Suppose -14 = 4*g - 122. Suppose -g*i - 468 = -36*i. What is the remainder when i is divided by 7?
3
Suppose 3*i - 6*i + 12 = 0. Let j = i - 0. What is the remainder when 354/9 - 3/9 is divided by j?
3
Suppose -2*m - 11*z = -221, 962*z - 963*z - 41 = -2*m. What is the remainder when 8/(1*(-1)/(-13)) is divided by m?
20
Let w(h) = -393*h + 16685. Calculate the remainder when 25238 is divided by w(42).
178
Let q be 6/(-18) + (-41)/3. What is the remainder when (-13 + -4)*1/(-2)*2 is divided by (-88)/q - (-2)/(-7)?
5
Suppose -48 = -8*d - 8. Suppose 0 = -6*x + x - d. What is the remainder when x/((42/16)/7)*-6 is divided by 5?
1
Let y(w) = -129*w**2 + 3*w + 1. Let l be y(3). Let x = -819 - l. What is the remainder when x is divided by 16?
12
Suppose 13*y - 11 = 12*y. Let m(h) = -h + 16. Let s be m(y). Suppose s*d = -d + 168. What is the remainder when d is divided by 16?
12
Suppose 21 + 54 = -15*b. What is the remainder when 119 is divided by ((-225)/3 - b)/(-1)?
49
What is the remainder when 24417/1*(-95)/(-285) is divided by 59?
56
Let h(i) = 17 + 898*i + 87 - i**2 - 887*i. Calculate the remainder when h(12) is divided by 25.
17
Suppose -2*n = 2*s - 16418, -1387 = n + 2*s - 9600. What is the remainder when n is divided by 76?
73
Let c be (-94)/(-4) + 15/(-30). Suppose c*q = 21*q + 30. What is the remainder when 89 is divided by q?
14
Suppose o - 191 = -4*p, -46*p - 2*o = -42*p - 198. Calculate the remainder when 1179 is divided by p.
29
Suppose -3*w - 63 = -3*b, -410*b + 3*w = -413*b + 63. Suppose x = 5*x - 252. Suppose 3*p = -x + 180. Calculate the remainder when p is divided by b.
18
Let t(n) = -n**2 + 11*n - 8. Let a be t(8). Suppose 0 = -4*c + o + 17, 5*o + a = -2*c - c. Calculate the remainder when 65 is divided by c.
2
Let v = 241232 - 241169. Suppose 0 = 2*b - 579 - 553. What is the remainder when b is divided by v?
62
Suppose -8096 = -3719*k + 3711*k. What is the remainder when k is divided by 39?
37
Let s be 130/15 - (-2)/(-3). Calculate the remainder when 96 is divided by (-615)/(-69) - s/(-92).
6
Let a(u) = -18*u**3 - 10*u**2 - 7*u + 7. Suppose -2*w = 5*w - 252. What is the remainder when a(-2) is divided by w?
17
Let q be 4*(1 + 0 - (-2)/(-4)). Let k(f) = -30*f + 17*f + 12*f + 5*f**3 - 6*f**3 + 13 + q*f**2. Calculate the remainder when 75 is divided by k(0).
10
Let x(o) be the first derivative of o**4/4 - 17*o**3/3 - 17*o**2/2 - 5*o - 22. Let v be (-2 - 3)/(-5) - -17. Calculate the remainder when 37 is divided by x(v).
11
Let m = -6778 + 13945. Suppose -m = -16*p + 113. What is the remainder when p is divided by 38?
37
Suppose z - 65 = -f, -5*z + 5*f + 128 = -167. Let b = 66 - z. Suppose 44 = 4*a + 5*j - b*j, -2*a - j + 20 = 0. What is the remainder when 17 is divided by a?
5
Suppose 0 = 10*u - 18*u + 1032. Calculate the remainder when 151 is divided by u.
22
Let y(g) = 319*g + 3479. What is the remainder when y(-10) is divided by 112?
65
Suppose 0 = -170*q + 173*q + 5*m - 9727, -2*q + 6501 = m. Calculate the remainder when q is divided by 88.
86
What is the remainder when (0 + 13560)*(2 + (-32)/24) is divided by 17?
13
Suppose -5*p - 49 = t, 0*p = -p - 3*t - 21. Suppose -5*y + 2*k = 14, -k = 4*y + 3*k + 28. What is the remainder when 5 is divided by (48/p)/y*15/10?
1
Let w = -29 - -54. Suppose -q + 5 + w = 0. What is the remainder when 57 is divided by q?
27
Let k(d) = d**2 + 8*d + 5. Let p be k(-8). Suppose 4*t - 154 = 4*u - 974, -3*u - p*t = -615. What is the remainder when u is divided by 23?
21
What is the remainder when (0 + -4)/(-10 + 5178/519) is divided by 51?
20
Suppose 47*d + 2*r + 35 = 52*d, 0 = -d + 5*r - 16. Let p = 1 + -1. Suppose p = d*v - 6*v - 39. What is the remainder when v is divided by 4?
1
Let j = -232 + 281. Calculate the remainder when j is divided by (1/2)/(8/208).
10
Let h(l) = -3*l**2 + 11*l - 5. Let c be h(4). What is the remainder when 9/(c/5) - -48 is divided by 29?
14
Let c = 950 - 864. What is the remainder when c is divided by (74 - 16)*2/4?
28
Let q(f) = -f**3 - 114*f**2 - 3129*f + 146. Calculate the remainder when 11339 is divided by q(-68).
211
Suppose 2483*m = 2475*m + 1552. Calculate the remainder when 7757 is divided by m.
191
Let t = -9742 + 9859. What is the remainder when t is divided by 111?
6
Suppose -6*w + 161 = 65. Calculate the remainder when w is divided by 4.
0
Let v be (28 + -1)*(-8)/(-24). Suppose -4*a + a - v = 0, -77 = -4*h + 3*a. Let x(p) = -29*p - 61. What is the remainder when x(-5) is divided by h?
16
Let h(i) be the second derivative of i**5/20 + 23*i**4/12 + i**3/6 + 57*i**2/2 - 33*i. Calculate the remainder when h(-23) is divided by 18.
16
Let s = -144 - -140. Let a(j) = 2*j**2 + 3*j + 1. What is the remainder when 10 - (-4 - -4 - (0 - s)) is divided by a(-2)?
2
Suppose -382*f = -395*f + 91. Let n = 33 - -34. What is the remainder when n is divided by f?
4
Suppose -11 - 1 = -6*v. Suppose -6*n = -3*n - r - 72, -6 = -v*r. What is the remainder when n is divided by 3?
1
Suppose 11*q = -219 + 395. Calculate the remainder when (-905)/(-15) - 1/3 is divided by q.
12
Suppose -3*x = 3*j - 8265, 4*j - 324*x + 327*x = 11012. What is the remainder when j is divided by 81?
74
Let q = -5273 + 5450. Calculate the remainder when 554 is divided by q.
23
Suppose 0 = -s + 2*s - 3*j, -3*j - 6 = -2*s. Suppose p = -5*c + 4*